{"id":10703,"date":"2015-02-22T16:51:35","date_gmt":"2015-02-22T15:51:35","guid":{"rendered":"http:\/\/www.farnost-strazske.sk\/?page_id=10703"},"modified":"2016-01-01T21:57:27","modified_gmt":"2016-01-01T20:57:27","slug":"galerie-rok-2015","status":"publish","type":"page","link":"https:\/\/www.farnost-strazske.sk\/?page_id=10703","title":{"rendered":"Gal\u00e9rie rok 2015"},"content":{"rendered":"<h5><a href=\"http:\/\/www.farnost-strazske.sk\/?p=10705\">Karneval\u00a0<\/a><\/h5>\n<h5><a href=\"http:\/\/www.farnost-strazske.sk\/?p=10847\">Darovanie krvi<\/a><\/h5>\n<h5><a href=\"http:\/\/www.farnost-strazske.sk\/?p=10849\">Spolo\u010dn\u00e9 chv\u00edle s hokejom<\/a><\/h5>\n<h5><a href=\"http:\/\/www.farnost-strazske.sk\/?p=10851\">Kr\u00ed\u017eov\u00e1 cesta so symbolmi<\/a><\/h5>\n<h5><a href=\"http:\/\/www.farnost-strazske.sk\/?p=10906\">Arcidiec\u00e9zne stretnutie ml\u00e1de\u017ee<\/a><\/h5>\n<h5><a href=\"http:\/\/www.farnost-strazske.sk\/?p=11219\">Godzone<\/a><\/h5>\n<h5><a href=\"http:\/\/www.farnost-strazske.sk\/?p=11221\">Vig\u00edlia Zoslania Ducha Sv\u00e4t\u00e9ho<\/a><\/h5>\n<h5><a href=\"http:\/\/www.farnost-strazske.sk\/?p=11152\">1. Farsk\u00fd de\u0148 a de\u0148 det\u00ed<\/a><\/h5>\n<h5><a href=\"http:\/\/www.farnost-strazske.sk\/?p=11508\">V\u00fdlet Ko\u0161ice<\/a><\/h5>\n<h5><a href=\"http:\/\/www.farnost-strazske.sk\/?p=11510\">1.\u00a0De\u0148 radosti<\/a><\/h5>\n<h5><a href=\"http:\/\/www.farnost-strazske.sk\/?p=11652\">2. De\u0148 radosti<\/a><\/h5>\n<h5><a href=\"http:\/\/www.farnost-strazske.sk\/?p=11652\">Jasli\u010dkov\u00e1 pobo\u017enos\u0165<\/a><\/h5>\n","protected":false},"excerpt":{"rendered":"<p>Karneval\u00a0 Darovanie krvi Spolo\u010dn\u00e9 chv\u00edle s hokejom Kr\u00ed\u017eov\u00e1 cesta so symbolmi Arcidiec\u00e9zne stretnutie ml\u00e1de\u017ee Godzone Vig\u00edlia Zoslania Ducha Sv\u00e4t\u00e9ho 1. Farsk\u00fd de\u0148 a de\u0148 det\u00ed V\u00fdlet Ko\u0161ice 1.\u00a0De\u0148 radosti 2. De\u0148 radosti Jasli\u010dkov\u00e1 pobo\u017enos\u0165<\/p>\n","protected":false},"author":1,"featured_media":0,"parent":51,"menu_order":0,"comment_status":"closed","ping_status":"closed","template":"","meta":{"ngg_post_thumbnail":0,"footnotes":""},"class_list":["post-10703","page","type-page","status-publish","hentry"],"_links":{"self":[{"href":"https:\/\/www.farnost-strazske.sk\/index.php?rest_route=\/wp\/v2\/pages\/10703","targetHints":{"allow":["GET"]}}],"collection":[{"href":"https:\/\/www.farnost-strazske.sk\/index.php?rest_route=\/wp\/v2\/pages"}],"about":[{"href":"https:\/\/www.farnost-strazske.sk\/index.php?rest_route=\/wp\/v2\/types\/page"}],"author":[{"embeddable":true,"href":"https:\/\/www.farnost-strazske.sk\/index.php?rest_route=\/wp\/v2\/users\/1"}],"replies":[{"embeddable":true,"href":"https:\/\/www.farnost-strazske.sk\/index.php?rest_route=%2Fwp%2Fv2%2Fcomments&post=10703"}],"version-history":[{"count":4,"href":"https:\/\/www.farnost-strazske.sk\/index.php?rest_route=\/wp\/v2\/pages\/10703\/revisions"}],"predecessor-version":[{"id":12179,"href":"https:\/\/www.farnost-strazske.sk\/index.php?rest_route=\/wp\/v2\/pages\/10703\/revisions\/12179"}],"up":[{"embeddable":true,"href":"https:\/\/www.farnost-strazske.sk\/index.php?rest_route=\/wp\/v2\/pages\/51"}],"wp:attachment":[{"href":"https:\/\/www.farnost-strazske.sk\/index.php?rest_route=%2Fwp%2Fv2%2Fmedia&parent=10703"}],"curies":[{"name":"wp","href":"https:\/\/api.w.org\/{rel}","templated":true}]}}