{"id":14934,"date":"2019-03-24T11:56:17","date_gmt":"2019-03-24T10:56:17","guid":{"rendered":"http:\/\/www.farnost-strazske.sk\/?page_id=14934"},"modified":"2019-03-24T20:03:53","modified_gmt":"2019-03-24T19:03:53","slug":"galerie-rok-2018","status":"publish","type":"page","link":"https:\/\/www.farnost-strazske.sk\/?page_id=14934","title":{"rendered":"Gal\u00e9rie rok 2018"},"content":{"rendered":"<h4 class=\"post-title\"><a href=\"https:\/\/www.farnost-strazske.sk\/?p=14955\">Modlitba sv. ru\u017eenca \u2013 Okt\u00f3ber 2018<\/a><\/h4>\n<h4><a href=\"https:\/\/www.farnost-strazske.sk\/?page_id=14951\">Moje srdce pre Je\u017ei\u0161ka<\/a><\/h4>\n","protected":false},"excerpt":{"rendered":"<p>Modlitba sv. ru\u017eenca \u2013 Okt\u00f3ber 2018 Moje srdce pre Je\u017ei\u0161ka<\/p>\n","protected":false},"author":1,"featured_media":0,"parent":51,"menu_order":0,"comment_status":"closed","ping_status":"closed","template":"","meta":{"ngg_post_thumbnail":0,"footnotes":""},"class_list":["post-14934","page","type-page","status-publish","hentry"],"_links":{"self":[{"href":"https:\/\/www.farnost-strazske.sk\/index.php?rest_route=\/wp\/v2\/pages\/14934","targetHints":{"allow":["GET"]}}],"collection":[{"href":"https:\/\/www.farnost-strazske.sk\/index.php?rest_route=\/wp\/v2\/pages"}],"about":[{"href":"https:\/\/www.farnost-strazske.sk\/index.php?rest_route=\/wp\/v2\/types\/page"}],"author":[{"embeddable":true,"href":"https:\/\/www.farnost-strazske.sk\/index.php?rest_route=\/wp\/v2\/users\/1"}],"replies":[{"embeddable":true,"href":"https:\/\/www.farnost-strazske.sk\/index.php?rest_route=%2Fwp%2Fv2%2Fcomments&post=14934"}],"version-history":[{"count":2,"href":"https:\/\/www.farnost-strazske.sk\/index.php?rest_route=\/wp\/v2\/pages\/14934\/revisions"}],"predecessor-version":[{"id":14971,"href":"https:\/\/www.farnost-strazske.sk\/index.php?rest_route=\/wp\/v2\/pages\/14934\/revisions\/14971"}],"up":[{"embeddable":true,"href":"https:\/\/www.farnost-strazske.sk\/index.php?rest_route=\/wp\/v2\/pages\/51"}],"wp:attachment":[{"href":"https:\/\/www.farnost-strazske.sk\/index.php?rest_route=%2Fwp%2Fv2%2Fmedia&parent=14934"}],"curies":[{"name":"wp","href":"https:\/\/api.w.org\/{rel}","templated":true}]}}