{"id":377,"date":"2009-06-18T21:27:06","date_gmt":"2009-06-18T19:27:06","guid":{"rendered":"http:\/\/www.farnost-strazske.sk\/?page_id=377"},"modified":"2021-05-02T22:59:11","modified_gmt":"2021-05-02T20:59:11","slug":"dokumenty","status":"publish","type":"page","link":"https:\/\/www.farnost-strazske.sk\/?page_id=377","title":{"rendered":"Dokumenty"},"content":{"rendered":"<h5><a href=\"http:\/\/www.farnost-strazske.sk\/wp-content\/uploads\/2009\/06\/nepl_manz_ziadost.pdf\">\u017diados\u0165 o vyhl\u00e1senie neplatnosti man\u017eelstva<\/a><\/h5>\n<h5><a href=\"http:\/\/www.kbs.sk\/?cid=1250157062\">Pastiersky list biskupov Slovenska o bioetick\u00fdch ot\u00e1zkach<\/a><\/h5>\n<h5><a href=\"http:\/\/www.katechizmus.sk\" target=\"_blank\" rel=\"noopener\">Katechizmus katol\u00edckej cirkvi<\/a><\/h5>\n\n\n<p><\/p>\n","protected":false},"excerpt":{"rendered":"<p>\u017diados\u0165 o vyhl\u00e1senie neplatnosti man\u017eelstva Pastiersky list biskupov Slovenska o bioetick\u00fdch ot\u00e1zkach Katechizmus katol\u00edckej cirkvi<\/p>\n","protected":false},"author":1,"featured_media":0,"parent":209,"menu_order":0,"comment_status":"closed","ping_status":"closed","template":"page-3col.php","meta":{"ngg_post_thumbnail":0,"footnotes":""},"class_list":["post-377","page","type-page","status-publish","hentry"],"_links":{"self":[{"href":"https:\/\/www.farnost-strazske.sk\/index.php?rest_route=\/wp\/v2\/pages\/377","targetHints":{"allow":["GET"]}}],"collection":[{"href":"https:\/\/www.farnost-strazske.sk\/index.php?rest_route=\/wp\/v2\/pages"}],"about":[{"href":"https:\/\/www.farnost-strazske.sk\/index.php?rest_route=\/wp\/v2\/types\/page"}],"author":[{"embeddable":true,"href":"https:\/\/www.farnost-strazske.sk\/index.php?rest_route=\/wp\/v2\/users\/1"}],"replies":[{"embeddable":true,"href":"https:\/\/www.farnost-strazske.sk\/index.php?rest_route=%2Fwp%2Fv2%2Fcomments&post=377"}],"version-history":[{"count":15,"href":"https:\/\/www.farnost-strazske.sk\/index.php?rest_route=\/wp\/v2\/pages\/377\/revisions"}],"predecessor-version":[{"id":16608,"href":"https:\/\/www.farnost-strazske.sk\/index.php?rest_route=\/wp\/v2\/pages\/377\/revisions\/16608"}],"up":[{"embeddable":true,"href":"https:\/\/www.farnost-strazske.sk\/index.php?rest_route=\/wp\/v2\/pages\/209"}],"wp:attachment":[{"href":"https:\/\/www.farnost-strazske.sk\/index.php?rest_route=%2Fwp%2Fv2%2Fmedia&parent=377"}],"curies":[{"name":"wp","href":"https:\/\/api.w.org\/{rel}","templated":true}]}}