{"id":870,"date":"2009-09-20T20:25:58","date_gmt":"2009-09-20T18:25:58","guid":{"rendered":"http:\/\/www.farnost-strazske.sk\/?page_id=870"},"modified":"2021-05-02T22:34:38","modified_gmt":"2021-05-02T20:34:38","slug":"detske-a-mladeznicke-organizacie","status":"publish","type":"page","link":"https:\/\/www.farnost-strazske.sk\/?page_id=870","title":{"rendered":"Detsk\u00e9 a ml\u00e1de\u017en\u00edcke organiz\u00e1cie"},"content":{"rendered":"<h5><a href=\"http:\/\/www.premladez.sk\" target=\"_blank\" rel=\"noopener\">Arcidiec\u00e9zne centrum pre ml\u00e1de\u017e \u2013 Ko\u0161ick\u00e1 arcidiec\u00e9za<\/a><\/h5>\n<h5><a href=\"https:\/\/erko.sk\" target=\"_blank\" rel=\"noopener\">eRko &#8211; Hnutie kres\u0165ansk\u00fdch spolo\u010denstiev det\u00ed<\/a><\/h5>\n<h5><a href=\"http:\/\/www.mpks.sk\/\" target=\"_blank\" rel=\"noopener\">Ml\u00e1de\u017e pre Krista<\/a><\/h5>\n<h5><a href=\"http:\/\/www.zksm.sk\" target=\"_blank\" rel=\"noopener\">Zdru\u017eenie kres\u0165ansk\u00fdch spolo\u010denstiev ml\u00e1de\u017ee<\/a><\/h5>\n<h5><a href=\"http:\/\/www.domka.sk\" target=\"_blank\" rel=\"noopener\">Zdru\u017eenie salezi\u00e1nskej ml\u00e1de\u017ee<\/a><\/h5>\n<h5><a href=\"http:\/\/www.zmm.sk\" target=\"_blank\" rel=\"noopener\">Zdru\u017eenie mari\u00e1nskej ml\u00e1de\u017ee<\/a><\/h5>\n","protected":false},"excerpt":{"rendered":"<p>Arcidiec\u00e9zne centrum pre ml\u00e1de\u017e \u2013 Ko\u0161ick\u00e1 arcidiec\u00e9za eRko &#8211; Hnutie kres\u0165ansk\u00fdch spolo\u010denstiev det\u00ed Ml\u00e1de\u017e pre Krista Zdru\u017eenie kres\u0165ansk\u00fdch spolo\u010denstiev ml\u00e1de\u017ee Zdru\u017eenie salezi\u00e1nskej ml\u00e1de\u017ee Zdru\u017eenie mari\u00e1nskej ml\u00e1de\u017ee<\/p>\n","protected":false},"author":1,"featured_media":0,"parent":62,"menu_order":0,"comment_status":"closed","ping_status":"closed","template":"page-3col.php","meta":{"ngg_post_thumbnail":0,"footnotes":""},"class_list":["post-870","page","type-page","status-publish","hentry"],"_links":{"self":[{"href":"https:\/\/www.farnost-strazske.sk\/index.php?rest_route=\/wp\/v2\/pages\/870","targetHints":{"allow":["GET"]}}],"collection":[{"href":"https:\/\/www.farnost-strazske.sk\/index.php?rest_route=\/wp\/v2\/pages"}],"about":[{"href":"https:\/\/www.farnost-strazske.sk\/index.php?rest_route=\/wp\/v2\/types\/page"}],"author":[{"embeddable":true,"href":"https:\/\/www.farnost-strazske.sk\/index.php?rest_route=\/wp\/v2\/users\/1"}],"replies":[{"embeddable":true,"href":"https:\/\/www.farnost-strazske.sk\/index.php?rest_route=%2Fwp%2Fv2%2Fcomments&post=870"}],"version-history":[{"count":12,"href":"https:\/\/www.farnost-strazske.sk\/index.php?rest_route=\/wp\/v2\/pages\/870\/revisions"}],"predecessor-version":[{"id":16592,"href":"https:\/\/www.farnost-strazske.sk\/index.php?rest_route=\/wp\/v2\/pages\/870\/revisions\/16592"}],"up":[{"embeddable":true,"href":"https:\/\/www.farnost-strazske.sk\/index.php?rest_route=\/wp\/v2\/pages\/62"}],"wp:attachment":[{"href":"https:\/\/www.farnost-strazske.sk\/index.php?rest_route=%2Fwp%2Fv2%2Fmedia&parent=870"}],"curies":[{"name":"wp","href":"https:\/\/api.w.org\/{rel}","templated":true}]}}